
What is -19 + 11 + 11 + 16?
19
Calculate -17 + (-5 - (8 + -9) - -11).
-10
Evaluate (3 - 9) + -4 + 14 - 14 - -31.
21
Evaluate -8 - (-42 + 37 - (3 - -1)).
1
What is the value of (13 - -5) + (-52 - -43)?
9
Calculate 1 + 7 - (-15 - -16).
7
10 + (-18 - (-11 - -5))
-2
What is -14 + 1 - (-11 + -4) - -6?
8
Calculate 18 - (-54 + 117 - (-1 - -7)).
-39
What is 17 - (38 + -6 + 3) - (1 - -3)?
-22
What is 0 + 0 - (-7 + (-3 - 8))?
18
Evaluate 2 - ((14 - 3) + -20 + 2 + 13).
-4
What is 13 - (0 - 3 - (-33 - (-17 - 5)))?
5
Evaluate 0 - (9 - 3) - (-2 - (-2 - 0)).
-6
Evaluate -9 + 22 + (3 - 1) + 9.
24
What is 25 - 18 - ((2 - 13) + -6)?
24
Evaluate 9 + -16 + 11 - (-1 - 4).
9
Calculate 2 + 7 + -17 + 1 + (11 - -1).
5
(1 - 5) + 29 - (-80 + 84)
21
Calculate (-23 - (14 + -15)) + 48.
26
What is -1 + -9 - (-70 + -41 + 86)?
15
What is the value of 2 - -4 - (49 + -31) - -17?
5
What is -220 + 265 + (-31 - -3)?
17
Calculate (-3 - -4) + -28 - -12.
-15
Calculate 18 + (0 - (-2 - -20)).
0
(1 - 13) + 49 + -42 + 8 + -23
-20
Evaluate 6 + -1 - 2 - (0 + 3 - -2).
-2
11 + (10 - ((0 - -13) + -14))
22
Calculate -12 - (-57 + 24) - 15.
6
What is -5 - (0 - 3 - -6 - (0 + 27))?
19
What is the value of (-7 - -24) + -7 + -8 - -6?
8
What is (0 - -8) + (-5 - 3) + 5 - 16?
-11
Calculate (0 - -10) + (66 - 11 - 52).
13
Calculate -13 + 13 + 20 - (-1 - 5).
26
Evaluate -8 + 11 + -4 + 54 + -12.
41
Evaluate (7 + (2 - 9) - 6) + 15.
9
What is 5 - -4 - (36 + -11)?
-16
-2 + 10 + 2 - (141 + -140)
9
What is the value of 6 + -1 - ((103 - 107) + (4 - 0))?
5
Calculate (-5 - -10) + -20 - (-36 - -15).
6
-7 - (2 + -8 + (4 - -2) + -6)
-1
-28 + 19 - (5 + -2 + 2 + -2)
-12
What is the value of 13 - (0 + 10 - -1)?
2
(1 + -32 - -8) + -8 + 4 + 5
-22
Evaluate -11 - 14 - (-30 - -18).
-13
Evaluate (-53 - -23) + 31 + -23.
-22
Evaluate -2 - -1 - (-24 - (-10 - (29 + -16))).
0
What is the value of (11 - (-13 - -9)) + (20 - 24)?
11
Calculate -7 - 1 - (96 - 103) - (2 - 0).
-3
(-6 - 12) + 1 + 7 - -29
19
Calculate (-47 - -30 - (-1 + -2)) + 8 + -3.
-9
What is -411 - -394 - ((-2 - -1 - -2) + -4)?
-14
Evaluate (3 - -1) + -3 + -7 - 8.
-14
14 + (-7 - (7 + -7) - -4)
11
Evaluate 30 + (11 - (-22 + 55)).
8
What is 3 + 4 + -12 - (3 + -1 + 0)?
-7
What is the value of 16 + -22 - (10 + -11 - 2)?
-3
Calculate (1 - ((-13 - -15) + 0 + 4)) + 9.
4
Evaluate -7 + (16 + -11 - -3 - 8 - -24).
17
-17 + (7 - 25) + 20
-15
What is the value of 6 + 33 + -19 + (0 - -13)?
33
(-6 - 6) + 4 - -35
27
Calculate 4 - (4 - -10) - (-12 - -3 - -5).
-6
Calculate 35 - (92 - (67 - 38)).
-28
What is (-3 - 0) + 1 - (-768 - -772)?
-6
(-20 - -1 - -17) + -7
-9
Calculate -12 - (35 + -39 - -4).
-12
What is the value of 30 - ((14 - (-7 + 14)) + 6)?
17
What is the value of -2 + -1 + (34 - 61 - -48)?
18
What is (-5 - -4) + 4 + -6 + -14 - -5?
-12
What is (-2 - -4) + -13 - (2 - (-10 - 0))?
-23
Calculate -10 - 2 - (1 - 20).
7
What is (20 + -12 - 10) + -11?
-13
Evaluate -10 + (2 - -4) + 12.
8
What is the value of 1 + 3 + 9 + -4 - 16?
-7
What is 4 - 6 - ((-3 - -26 - -10) + -5)?
-30
What is -8 + 41 + (27 - 86)?
-26
What is (9 + 23 - 58) + 27 + 1 + -18?
-16
Evaluate (8 + -1 - (3 - 7)) + (5 - 3).
13
Calculate -6 + (16 + -2 - (-14 - -14)).
8
What is the value of -18 - -4 - 6 - (-24 + 22)?
-18
What is (12 - 7) + -21 + 9 + -1?
-8
What is 11 + (-11 + 9 - -1) - 7?
3
What is (-4 - 2 - -14) + 14 + -8?
14
Evaluate 26 - 22 - (7 - 10 - (13 - -2)).
22
33 + 0 - (12 + -9) - (10 - 1)
21
What is -291 + 285 - (-13 + 2) - (1 + 11)?
-7
What is the value of -6 + 0 + (8 - 13)?
-11
(2 - 3) + -8 - -7
-2
-3 - (-13 - -7 - -11) - -9 - -5
6
What is the value of 24 + (-3 - -1) + 22 + 10 + -36?
18
Evaluate -7 - ((50 - 53) + -1 + -2 + -8).
7
What is (14 - 0) + (23 - 14 - (14 + -1))?
10
Calculate 2 - -1 - (9 + 6 - 17).
5
What is -5 + (8 - (37 - 9)) + (15 - 7)?
-17
Calculate 0 + (1 + -2 - -23 - (374 + -383)).
31
What is -422 + 435 - (-1 + (2 - -10))?
2
What is the value of -4 + 11 + -20 + 5 - (4 + -12)?
0
-26 - -2 - (-424 - -408)
-8
What is -17 - ((-1 - 1 - (-4 - -12)) + 5)?
-12
Evaluate (-42 - -13) + 44 + 0.
15
What is -12 + -4 + 27 + -14?
-3
Evaluate 3 - (3 + -18 - -10).
8
(2 - 27) + (0 + 1 - -12)
-12
Evaluate 16 + (-80 - -1) - -39.
-24
What is -22 + 7 + (19 - 13) - 0?
-9
Calculate 2 + (5 - -1) + -3 + (30 - 23).
12
What is (-86 - -107) + (2 + -1 - 2)?
20
Calculate -21 + (-18 - -12) + 16 + (6 - 15).
-20
Evaluate -14 + 13 + (-6 + 8 - -11).
12
What is 16 - 13 - (-23 - -16)?
10
Evaluate 4 + -49 + (9 - (7 + 4) - -7).
-40
What is 5 + -1 - (1 + -4 + (3 - -10))?
-6
82 + -86 - (1 + (1 - (2 - 6)))
-10
What is the value of 25 - (26 + 17 + -19)?
1
Evaluate 4 - (-9 + (-4 - -20)).
-3
-20 + (1 - -4) + 0 + 6
-9
(-11 - 1) + 34 + -10 + -15
-3
Evaluate (15 - (2 + 2)) + 5 + (-6 - -2).
12
Calculate (61 - (-4 + 65)) + (-1 - -26).
25
8 + (1 - 8) + (20 - 4) + 1
18
Evaluate (1 - (-12 - 24)) + -15 + 12.
34
Calculate 23 + -2 + (-9 - 2).
10
Evaluate 8 + (-49 - (23 + -51)).
-13
What is the value of (-16 - -5) + -1 + 3 + (14 - 7)?
-2
What is -39 - 1 - (140 + -212)?
32
What is 7 + (-7 + 18 + -3 - 30)?
-15
What is the value of (-18 - 1) + 10 + -7 - (-5 + -1)?
-10
Evaluate 2 - (4 + -8) - (-4 - -4) - 3.
3
Calculate -4 + (1 + -9 - (41 - 44) - -20).
11
What is -2 - -5 - (5 - 2) - (44 + -50)?
6
20 - 10 - (8 - -2) - (21 + -3)
-18
Calculate (5 - 8 - (1 - -8)) + (3 - 2).
-11
Calculate (-138 - -156) + (-29 - 3).
-14
Evaluate -4 - (-16 + 23 + (5 - 9) + -4).
-3
What is -8 + (-12 - ((-3 - -7) + -12))?
-12
Calculate -6 - -12 - (2 + -12) - 7.
9
What is the value of -17 - (4 + (-11 - -7)) - (10 + -5)?
-22
(-307 - -312) + -11 + -2 + 2
-6
Calculate (2 - 0) + 1 + 10.
13
-3 + (-32 - (-4 - 6 - 3))
-22
What is the value of 4 - (75 + -38) - -49?
16
Evaluate -33 - (-15 - (3 - (0 + 12))).
-27
Calculate -2 - (0 + -6 + -4 - -28).
-20
What is 2 + 13 + (1 - 4 - -4) + -6?
10
What is the value of -27 - ((-1 - (-3 + 0)) + 208 + -208)?
-29
Evaluate -4 - ((27 - 25) + (0 - 4) - 4).
2
Evaluate 9 + (-10 - 6 - (29 - 16)).
-20
Calculate 15 - (7 - -10) - -7.
5
What is the value of -16 + 0 + -1 + (-23 - -33)?
-7
(22 - (13 + -1 - (-77 + 81))) + 8
22
What is the value of -8 + 5 + (4 - 4) + 10?
7
What is (8 - (4 - -7)) + -10 + 20?
7
16 + -28 + 31 + -35
-16
-16 + 0 + -40 + 22 + 17
-17
What is 3 + (-6 - 7) - 7 - -30?
13
Evaluate -2853 - -2853 - (-1 - (0 - 1) - -7).
-7
What is the value of -29 - (-13 + -2 + -14)?
0
2 + 12 + -7 + -6 + -4
-3
Evaluate (-29 - -4) + (99 - 56).
18
What is the value of -17 + 3 + 7 + 17?
10
Calculate -13 - (12 + (-11 - (8 - 11))).
-17
(-2 - -8 - -15) + -9 + 11
23
What is -1 - (-9 - -9) - -7?
6
(-3 - 2) + 2 + -66 + 47
-22
What is the value of -26 + -2 - (-113 + 104) - 0?
-19
249 + -238 + -31 + (3 - (-3 + 10))
-24
10 + -41 - (-62 - -12)
19
Calculate 8 + 1 - (39 + -2 + -22).
-6
-22 - (-28 - -65 - 57)
-2
What is the value of 22 + 1 + 2431 + -2465?
-11
Calculate (-6 - -1) + (14 - 11).
-2
Evaluate 4 + -2 + (-3 - ((2 - 6) + 9)).
-6
3 + -2 + 2 - ((-14 - -6) + 13)
-2
-23 - 1 - (8 - 11 - 2 - 3)
-16
33 - 28 - 5 - ((-1 - -2) + 4)
-5
Evaluate -2 + 3 + -3 + 4 + 12.
14
What is the value of 31 + -36 + (1 - (-1 - -3) - 2)?
-8
What is 9 - (-18 + 7 - -17 - 7)?
10
What is the value of -757 + 758 + (-2 + 1 - -3)?
3
What is the value of -6 + (13 - (13 + -3))?
-3
-24 - (-3 - (2 - 3) - (-51 - -56))
-17
Calculate (-3 - -3) + 1 - 11 - (-5 + 14).
-19
2 + (14 - (-4 - 5 - -16))
9
What is the value of (3 - 1 - (1 - -2)) + (6 - 5)?
0
What is the value of 1 - -5 - 37 - -30?
-1
What is the value of -12 + 32 + (-50 - 0)?
-30
-47 - -4 - (29 - 61)
-11
What is 6 + 3 - (2 - -9 - 6)?
4
Evaluate 10 + (-5 - -1 - (-16 - -13 - -4)).
5
-4 + (-52 - -54) + (-11 - 1)
-14
What is the value of -5 + 1 + 18 + (-11 - -4) + -2?
5
2100 - 2069 - (9 - -1)
21
What is (-9 - -1) + 3 - (-19 - (-8 + -2))?
4
What is the value of 16 - (14 + 0 - (-35 - -40))?
7
16 + (-2 + 1 - 5)
10
What is the value of 14 + -7 + -3 + 2 + 0 - 5?
1
Calculate -31 + -27 + (-25 - -54).
-29
5 - 0 - (3 + -7 - 6)
15
What is the value of 11 + 19 + 0 + 1 + -12?
19
Evaluate 11 - 13 - 12 - -14.
0
-9 - (3 + 4 + -1 - 7)
-8
What is 31 + -8 + (-15 - -5)?
13
32 + (-17 - (0 - (7 - 1)))
21
What is the value of 7 + (-10 - (26 + -46))?
17
Evaluate 9 + -2 + -4 + 4 - 23.
-16
What is the value of 18 + 14 + 31 + -31?
32
What is the value of 55 + -18 + -97 + 73?
13
What is 